*p = -92 + 297. What is the tens digit of s?
4
Suppose a = -2*a + 18. Suppose a - 1 = b. Suppose -3*g + 110 = -l - 3*l, b*g = 4*l + 170. What is the tens digit of g?
3
Suppose -41*u + 4*u = -79994. What is the tens digit of u?
6
Let k be (-8)/(-4) + -1*(-2 + 49). What is the tens digit of (-3514)/(-10) - 2/k*-9?
5
Let a = -4570 - -7195. What is the units digit of a?
5
Suppose -14*a = 2*a - 236805 - 453643. What is the thousands digit of a?
3
Let z be (-1 + -1)*(-121)/(-22). Let k = -61 - z. Let l = 103 + k. What is the units digit of l?
3
Let m(o) = 12*o**2 - 7*o + 19. Let i(b) = b**2 - 33*b - 113. Let q be i(36). What is the units digit of m(q)?
4
Let t(x) = -13*x**2 + 12*x - 7*x**2 + 12*x**2 - 2 + 37*x**3 - 8. Let n be t(4). Suppose n = 13*s - 140. What is the hundreds digit of s?
1
Let x = 96 - 87. Suppose 0 = 3*y + x, -m + 5 = 2*y - 1. What is the tens digit of m?
1
Suppose 5*z = -2*a - 0*a + 7100, 4*a - 5668 = -4*z. What is the units digit of z?
2
Let f(u) = 124*u + 24. Let l be f(16). Suppose -3*g - b + l = 0, 2*b - b - 1340 = -2*g. What is the hundreds digit of g?
6
Suppose 0 = 2*g + 5*u + 4, -18*u = -4*g - 17*u + 14. Let t(i) = 208*i - 24. What is the hundreds digit of t(g)?
6
Let j be (72/(-5))/(((-30)/125)/3). Let m = j - 125. Let w = 0 + m. What is the units digit of w?
5
What is the ten thousands digit of (-3)/(-5) + 61645689/1785?
3
Let z = 18 + -13. Suppose 0 = 3*l - 2*i - 240, -3*i = -l + z*l - 337. Let b = 42 + l. What is the units digit of b?
4
Let k = -26345 - -37542. What is the units digit of k?
7
Let m(v) = 28*v**3 - 2*v**2 + 4*v + 21. Let s be m(4). Let t = s - 793. What is the units digit of t?
4
Let k = 487 + -485. What is the hundreds digit of (90/(-135))/(k/(-2436))?
8
Let c(s) = -73*s**2 - 11*s. Let l be c(-4). Let i = l + 2011. Suppose 5*v = v - d + i, -v - d + 221 = 0. What is the units digit of v?
2
Let t(b) = -18*b**3 - 4*b**2 + 2*b + 6. Let p be t(-3). Suppose d - p = 82. What is the tens digit of d?
3
Suppose 5*z + 6 = -f - 29, -5*z = 4*f + 65. Let n = -66 - f. Let j = n - -95. What is the units digit of j?
9
Let i be (-7)/175*-10 + (-4)/10. Suppose i = 3*o + r - 2922, 0 = 4*r - 8*r + 12. What is the tens digit of o?
7
Let o(h) = h**3 - 8*h**2 + 15*h - 2. Let a be o(5). Let r(u) = -101*u - 22. What is the hundreds digit of r(a)?
1
Let h be 9/3 - (-1 + 4 - 0). Suppose 4 = m - h. Suppose -m*b = 3*b - 434. What is the tens digit of b?
6
Suppose 17 = 5*p + 2. Let k(o) = -o**3 - 5*o - 6*o**3 + 2*o**p + 4*o**3 - 9*o**2 - 5. What is the tens digit of k(-9)?
4
Suppose 5*d - 20 = d. Let s be (d + 1865/(-20))/(1/(-4)). Let l = -144 + s. What is the tens digit of l?
0
Let w = -86 - -41. What is the units digit of ((-3)/(w/(-84)))/(2/(-235))?
8
Let k be (-6)/4*((-11)/(-3) - 3). Let n be -2*((2 - k) + (-66)/12). Suppose 0*y + 5*s = n*y - 620, -2*s + 244 = 2*y. What is the hundreds digit of y?
1
Suppose 138*p - 141*p + 15 = 0. Suppose -p*n - 5*o = -3*n - 545, 5*n = -4*o + 1405. What is the tens digit of n?
8
Suppose 464*r - 459*r - 2145 = 0. Suppose 51*o - r = 48*o. What is the units digit of o?
3
Let o(b) be the first derivative of 3*b**2/2 - 20*b - 9. Let l be o(7). What is the tens digit of (-341)/22*(-1 + (0 - l))?
3
Let y be (84/(-14))/((-4)/(-18)). Let m = -25 - y. Suppose 62 = -4*b - m*c + 294, -4*b = -2*c - 248. What is the tens digit of b?
6
Suppose -8*s = -13*s + 495. Let q = -62 + 13. Let z = q + s. What is the tens digit of z?
5
Let j(h) = -2*h**2 + 20*h + 22. Let t be j(11). Let d be 4/(-1 + -1 - 0/(-2)). What is the units digit of 92/8*(0 - (t + d))?
3
Suppose 267*l - 272*l + 10715 = 0. What is the units digit of l?
3
Let m = -162 + 241. Suppose 28 = -m*g + 83*g. What is the units digit of g?
7
Let l be -59 + 25 - 1/1. Let t be (1592/10)/(-7 + (-259)/l). Let b = t - 218. What is the hundreds digit of b?
1
Let f = -88 + 92. Suppose -2*t + 5*h + 0*h - 14 = 0, -4*h + 28 = f*t. Suppose -65 = 2*l + 4*k - 245, -3*l = t*k - 282. What is the units digit of l?
8
Let i = 118 - 111. Let v(n) = -9*n + 4 - 27 - 5*n + i*n**2 - 14. What is the units digit of v(-5)?
8
Suppose -2*k + k = -o + 1, 2*k + 5*o = -37. Let b(d) = d**3 + 7*d**2 - 8*d + 1. Let r be b(k). Let y = r + -38. What is the tens digit of y?
4
Suppose -25*s + 2910048 = 26*s - 3*s. What is the units digit of s?
6
Let v = 83359 - 54518. What is the thousands digit of v?
8
Let n be 32/208 - 22/26*-14. Let w(r) = 3*r**2 - 13*r + 42. What is the hundreds digit of w(n)?
3
Suppose 31*m - 1699118 + 286200 = 0. What is the hundreds digit of m?
5
Let l be 12/(-3)*1/1 + 44. Suppose 16899 = 3*v + l*v. What is the units digit of v?
3
Let v = 46 - 38. Suppose 2*w - 92 = v. Suppose 47*b = w*b - 291. What is the tens digit of b?
9
Let f(v) = -v**3 + 3*v**2 - 1. Let z be f(2). Suppose -z*p = p. What is the tens digit of (2 - -129) + p + 3?
3
Let t(y) = -2*y**3 - 10*y**2 + 10*y + 11. Let q be t(-6). Suppose q*w - 28*w = -2410. What is the units digit of w?
2
Suppose 18952 + 21763 = 5*z. What is the tens digit of z?
4
Suppose 1995 = 4*p + 283. Let d = p + 508. Suppose -4*v - 12 = -d. What is the units digit of v?
1
Let y(u) = u**3 + 4*u**2 + 10*u + 49. Let v be y(-4). Suppose v*a = 259 + 7193. What is the units digit of a?
8
What is the hundreds digit of (-18)/((-6)/(-14) + (-48032)/111454)?
5
Let j = -48 - -55. Suppose -3*t - j - 2 = 0. Let a = t + 95. What is the tens digit of a?
9
Let t be -5 + ((-4)/(-18) - 5516/36). Let p = t - -787. What is the units digit of p?
9
What is the units digit of (498/(-21))/(66/7 - 10)*248?
2
Let d(w) be the second derivative of w**5/6 + w**4/8 + 2*w**3/3 - 29*w. Let k(g) be the second derivative of d(g). What is the hundreds digit of k(11)?
2
Let y = -2394 - -2438. Suppose 0 = 2*a + 2*a - 488. Let f = a - y. What is the units digit of f?
8
Let v(z) = -19*z**3 - 2*z**2 + 2*z - 2. Let a be v(2). Let h = a + 183. What is the units digit of h?
5
Let p(k) = -2*k - 18. Let t be p(-8). Let d(f) = f - 7. Let r be d(t). Let n(l) = 2*l**2 + 13*l + 18. What is the tens digit of n(r)?
6
Let p(h) be the second derivative of 19*h**4/4 + 5*h**3 + 5*h - 11. What is the hundreds digit of p(-3)?
4
Let w be (-2 + 1)/((-4)/116). Suppose 30*n - 320 = w*n. Suppose n = 2*x - 4. What is the units digit of x?
2
Suppose -91*y - 22059 = -94*y + 5*l, -5*y + 36685 = 5*l. What is the thousands digit of y?
7
Let w(s) = 227*s - 828. What is the units digit of w(36)?
4
Let d(m) = -m + 1. Let k(i) = 24. Let v(r) = -26. Let g(t) = -5*k(t) - 4*v(t). Let a(j) = d(j) - g(j). What is the tens digit of a(-11)?
2
Let j = -56648 + 101858. What is the thousands digit of j?
5
Let u(g) = -261*g + 1. Let f = 18 + -25. Let d(i) = -392*i + 1. Let m(x) = f*u(x) + 5*d(x). What is the units digit of m(-1)?
1
Suppose -4*u = -15 - 9. Suppose 5*x + 3*n - 29 = 0, u*n = x + n + 11. Suppose -x = -f - 1. What is the units digit of f?
3
Let j(g) = 235*g + 120. Let r be j(-11). What is the hundreds digit of (-6)/24 - r/20?
1
Let r(s) = -s**2 + 27*s - 22. Let z be r(20). Suppose 10*x + z = 38. What is the tens digit of x/6*1/(16/(-2328))?
9
Let k = -7430 + 76864. What is the ten thousands digit of k?
6
Suppose 4*x + 4*a - 14 = -66, -4*x - 53 = 3*a. Let p(q) = 3*q**2 + 30*q + 21. Let u be p(x). Suppose 4*v - 591 = u. What is the tens digit of v?
9
Suppose -29*g + 3*k = -24*g - 55451, -g = -5*k - 11099. What is the thousands digit of g?
1
Suppose 137409 = 3*f + 3*t, -166655 = -5*f + 5*t + 62300. What is the hundreds digit of f?
7
Suppose 90965 + 63229 = 31*a. What is the tens digit of a?
7
Let f be (-40)/(-14) + 2/14. Suppose 1698 + 2842 = f*l + 4*z, 5*z - 5 = 0. Suppose 4*c = 12*c - l. What is the tens digit of c?
8
What is the thousands digit of ((-2)/((-2)/(-3)))/((-14)/(-608230)*-15)?
8
Suppose -255 = 2*n - 17*n. Let i = 244 - n. What is the tens digit of i?
2
Suppose -4*r + 10 = -2*r. Let b(d) = -11 - r*d - 2*d - 6 + 11. What is the tens digit of b(-3)?
1
Let j be -2 - ((-114)/21)/((-1)/7). Let f = 94 + j. Let o = f - 24. What is the tens digit of o?
3
What is the units digit of (0 + 2)*169337/14?
1
Let d = 83 - 85. What is the hundreds digit of (-2451)/(-18) - d/(-12)?
1
Suppose 5*j - 31 = -6, f - 984 = -5*j. What is the units digit of (f - (-1 - -9)) + 7?
8
Let l be (-1 + 6)/5 - 19. Let v be (-2